{"id":1363,"date":"2024-11-22T16:54:19","date_gmt":"2024-11-22T16:54:19","guid":{"rendered":"https:\/\/federalists.eu\/belgium\/?post_type=event&#038;p=1363"},"modified":"2024-11-22T16:57:40","modified_gmt":"2024-11-22T16:57:40","slug":"le-retour-de-trump-et-la-necessite-dune-federation-europeenne-lecons-tirees-des-rapports-draghi-letta-et-niinisto","status":"publish","type":"event","link":"https:\/\/federalists.eu\/belgium\/event\/le-retour-de-trump-et-la-necessite-dune-federation-europeenne-lecons-tirees-des-rapports-draghi-letta-et-niinisto\/","title":{"rendered":"Le retour de Trump et la n\u00e9cessit\u00e9 d'une F\u00e9d\u00e9ration europ\u00e9enne - Le\u00e7ons tir\u00e9es des rapports Draghi, Letta et Niinist\u00f6"},"content":{"rendered":"\n<div class=\"wp-block-group\" style=\"font-size:20px\"><div class=\"wp-block-group__inner-container is-layout-constrained wp-block-group-is-layout-constrained\">\n<p><\/p>\n<\/div><\/div>\n","protected":false},"featured_media":1364,"template":"","meta":{"_acf_changed":false},"categories":[151],"network-partner":[35],"subject":[65,67],"event-year":[152],"class_list":["post-1363","event","type-event","status-publish","has-post-thumbnail","hentry","category-reforme-des-traites","network-partner-european-movement-international","subject-belgium","subject-uef","event-year-152"],"acf":[],"_links":{"self":[{"href":"https:\/\/federalists.eu\/belgium\/wp-json\/wp\/v2\/event\/1363","targetHints":{"allow":["GET"]}}],"collection":[{"href":"https:\/\/federalists.eu\/belgium\/wp-json\/wp\/v2\/event"}],"about":[{"href":"https:\/\/federalists.eu\/belgium\/wp-json\/wp\/v2\/types\/event"}],"wp:featuredmedia":[{"embeddable":true,"href":"https:\/\/federalists.eu\/belgium\/wp-json\/wp\/v2\/media\/1364"}],"wp:attachment":[{"href":"https:\/\/federalists.eu\/belgium\/wp-json\/wp\/v2\/media?parent=1363"}],"wp:term":[{"taxonomy":"category","embeddable":true,"href":"https:\/\/federalists.eu\/belgium\/wp-json\/wp\/v2\/categories?post=1363"},{"taxonomy":"network-partner","embeddable":true,"href":"https:\/\/federalists.eu\/belgium\/wp-json\/wp\/v2\/network-partner?post=1363"},{"taxonomy":"subject","embeddable":true,"href":"https:\/\/federalists.eu\/belgium\/wp-json\/wp\/v2\/subject?post=1363"},{"taxonomy":"event-year","embeddable":true,"href":"https:\/\/federalists.eu\/belgium\/wp-json\/wp\/v2\/event-year?post=1363"}],"curies":[{"name":"wp","href":"https:\/\/api.w.org\/{rel}","templated":true}]}}

Le retour de Trump et la nécessité d'une Fédération européenne - Leçons tirées des rapports Draghi, Letta et Niinistö
